2?
2
What is the thousands digit of 5532?
5
What is the units digit of 12973?
3
What is the units digit of 628?
8
What is the ten thousands digit of 23093?
2
What is the thousands digit of 8875?
8
What is the hundreds digit of 126348?
3
What is the thousands digit of 35916?
5
What is the units digit of 30486?
6
What is the hundreds digit of 1991?
9
What is the units digit of 3070?
0
What is the hundreds digit of 1685?
6
What is the thousands digit of 26339?
6
What is the thousands digit of 2948?
2
What is the units digit of 2341?
1
What is the units digit of 25116?
6
What is the units digit of 65698?
8
What is the hundreds digit of 58402?
4
What is the ten thousands digit of 30363?
3
What is the tens digit of 21042?
4
What is the units digit of 16986?
6
What is the tens digit of 1291?
9
What is the units digit of 11249?
9
What is the tens digit of 1138?
3
What is the units digit of 24316?
6
What is the thousands digit of 2308?
2
What is the tens digit of 17303?
0
What is the thousands digit of 25520?
5
What is the thousands digit of 15156?
5
What is the units digit of 6784?
4
What is the units digit of 67771?
1
What is the units digit of 3429?
9
What is the ten thousands digit of 10542?
1
What is the hundreds digit of 5436?
4
What is the tens digit of 50056?
5
What is the hundreds digit of 14417?
4
What is the thousands digit of 5014?
5
What is the hundreds digit of 2942?
9
What is the hundreds digit of 11545?
5
What is the units digit of 4039?
9
What is the hundreds digit of 450?
4
What is the tens digit of 1512?
1
What is the tens digit of 10188?
8
What is the ten thousands digit of 27609?
2
What is the units digit of 2310?
0
What is the ten thousands digit of 16426?
1
What is the thousands digit of 5129?
5
What is the hundreds digit of 184?
1
What is the hundreds digit of 187?
1
What is the tens digit of 1177?
7
What is the hundreds digit of 21839?
8
What is the tens digit of 842?
4
What is the thousands digit of 13818?
3
What is the tens digit of 6840?
4
What is the hundreds digit of 43228?
2
What is the units digit of 10411?
1
What is the thousands digit of 7660?
7
What is the hundreds digit of 6202?
2
What is the ten thousands digit of 12652?
1
What is the tens digit of 21984?
8
What is the units digit of 12965?
5
What is the ten thousands digit of 77609?
7
What is the thousands digit of 2739?
2
What is the tens digit of 12964?
6
What is the tens digit of 15229?
2
What is the hundred thousands digit of 129048?
1
What is the thousands digit of 3846?
3
What is the units digit of 4073?
3
What is the ten thousands digit of 56928?
5
What is the units digit of 491?
1
What is the hundreds digit of 846?
8
What is the tens digit of 1452?
5
What is the tens digit of 4029?
2
What is the tens digit of 240?
4
What is the thousands digit of 6979?
6
What is the tens digit of 34219?
1
What is the tens digit of 66224?
2
What is the units digit of 6102?
2
What is the tens digit of 5148?
4
What is the thousands digit of 19879?
9
What is the ten thousands digit of 76119?
7
What is the ten thousands digit of 17335?
1
What is the thousands digit of 2191?
2
What is the units digit of 26377?
7
What is the units digit of 1173?
3
What is the tens digit of 406?
0
What is the tens digit of 426?
2
What is the thousands digit of 7781?
7
What is the hundred thousands digit of 130473?
1
What is the hundreds digit of 3801?
8
What is the hundreds digit of 1432?
4
What is the tens digit of 421?
2
What is the tens digit of 33637?
3
What is the units digit of 6265?
5
What is the ten thousands digit of 105108?
0
What is the tens digit of 96564?
6
What is the thousands digit of 1557?
1
What is the hundreds digit of 52994?
9
What is the hundreds digit of 932?
9
What is the tens digit of 710?
1
What is the units digit of 5444?
4
What is the hundreds digit of 99892?
8
What is the hundreds digit of 308?
3
What is the tens digit of 23?
2
What is the hundreds digit of 695?
6
What is the hundreds digit of 160209?
2
What is the tens digit of 1016?
1
What is the thousands digit of 170997?
0
What is the thousands digit of 76299?
6
What is the thousands digit of 2699?
2
What is the hundreds digit of 5094?
0
What is the units digit of 99307?
7
What is the units digit of 9269?
9
What is the ten thousands digit of 10922?
1
What is the hundreds digit of 378?
3
What is the hundreds digit of 1070?
0
What is the hundred thousands digit of 166654?
1
What is the hundreds digit of 6343?
3
What is the tens digit of 308?
0
What is the thousands digit of 23039?
3
What is the units digit of 3023?
3
What is the hundreds digit of 3822?
8
What is the hundreds digit of 36520?
5
What is the hundreds digit of 3386?
3
What is the hundreds digit of 43952?
9
What is the thousands digit of 1012?
1
What is the thousands digit of 2993?
2
What is the units digit of 2263?
3
What is the tens digit of 506?
0
What is the hundreds digit of 541?
5
What is the ten thousands digit of 56161?
5
What is the ten thousands digit of 15630?
1
What is the ten thousands digit of 11457?
1
What is the hundreds digit of 2346?
3
What is the tens digit of 2413?
1
What is the hundreds digit of 45152?
1
What is the ten thousands digit of 50415?
5
What is the tens digit of 1348?
4
What is the ten thousands digit of 27038?
2
What is the hundreds digit of 30865?
8
What is the hundreds digit of 79282?
2
What is the units digit of 6282?
2
What is the ten thousands digit of 86096?
8
What is the tens digit of 665?
6
What is the tens digit of 6631?
3
What is the tens digit of 1164?
6
What is the units digit of 5609?
9
What is the hundreds digit of 106347?
3
What is the hundreds digit of 1094?
0
What is the tens digit of 15408?
0
What is the units digit of 2441?
1
What is the units digit of 469?
9
What is the ten thousands digit of 45391?
4
What is the thousands digit of 1872?
1
What is the units digit of 7541?
1
What is the thousands digit of 3472?
3
What is the tens digit of 12182?
8
What is the hundreds digit of 2071?
0
What is the units digit of 69269?
9
What is the units digit of 1620?
0
What is the thousands digit of 67607?
7
What is the hundreds digit of 911?
9
What is the tens digit of 705?
0
What is the units digit of 70?
0
What is the ten thousands digit of 42757?
4
What is the units digit of 48?
8
What is the units digit of 38?
8
What is the units digit of 750?
0
What is the units digit of 994?
4
What is the tens digit of 2265?
6
What is the units digit of 17172?
2
What is the ten thousands digit of 78055?
7
What is the hundreds digit of 25385?
3
What is the units digit of 38403?
3
What is the hundreds digit of 5145?
1
What is the units digit of 12539?
9
What is the hundreds digit of 4638?
6
What is the tens digit of 25296?
9
What is the hundreds digit of 2175?
1
What is the units digit of 18228?
8
What is the ten thousands digit of 71554?
7
What is the units digit of 1402?
2
What is the hundreds digit of 9548?
5
What is the thousands digit of 14337?
4
What is the units digit of 4571?
1
What is the hundreds digit of 2043?
0
What is the hundreds digit of 24756?
7
What is the tens digit of 1483?
8
What is the ten thousands digit of 14172?
1
What is the tens digit of 2480?
8
What is the thousands digit of 5053?
5
What is the thousands digit of 42868?
2
What is the units digit of 538?
8
What is the units digit of 287?
7
What is the hundreds digit of 28555?
5
What is the thousands digit of 4436?
4
What is the tens digit of 658?
5
What is the tens digit of 766?
6
What is the ten thousands digit of 69499?
6
What is the units digit of 980?
0
What is the hundreds digit of 1983?
9
What is the tens digit of 5096?
9
What is the hundreds digit of 288?
2
What is the units digit of 43751?
1
What is the units digit of 30100?
0
What is the thousands digit of 4974?
4
What is the units digit of 229?
9
What is the tens digit of 342?
4
What is the tens digit of 1540?
4
What is the units digit of 30132?
2
What is the tens digit of 5946?
4
What is the hundreds digit of 31960?
9
What is the tens digit of 95330?
3
What is the hundreds digit of 437?
4
What is the tens digit of 137854?
5
What is the tens digit of 5911?
1
What is the hundreds digit of 1469?
4
What is the tens digit of 865?
6
What is the hundreds digit of 771?
7
What is the thousands digit o